 of x?
3, 7, 83
Let w(g) = 4*g**2 + 5*g + 6. Suppose -c + 28 = -5*c. Let v be w(c). Let n = -92 + v. What are the prime factors of n?
3, 5
What are the prime factors of 3608/8 + -3 + -1?
3, 149
Suppose -3*y - 209 = -527. List the prime factors of y.
2, 53
Suppose 0 = -5*o + 16 - 11. What are the prime factors of (4/(-6) + o)/(2/438)?
73
List the prime factors of (4/(-8))/(2/(-2908)).
727
Let r = -8 + -3. Let j = r + 24. List the prime factors of -1 - (3 - (j + 2)).
11
Let i = -78 - -433. List the prime factors of i.
5, 71
List the prime factors of (4 - 1345/(-10))*240/6.
2, 5, 277
Let g be 3 + 0 + (-4 - -3). Let q(m) be the first derivative of 3*m**4/4 - 2*m**3/3 + m**2 - m - 2. List the prime factors of q(g).
19
Let b(g) = -72*g - 132. What are the prime factors of b(-10)?
2, 3, 7
Let m(p) = -p**3 + 21*p**2 + 11*p - 58. List the prime factors of m(11).
19, 67
Let o(g) = 7*g**3 - 2*g**2 - 2*g - 1. Let w be o(-1). Let u(y) = -y**3 - 7*y**2 + 6*y + 11. Let p be u(w). Let l = p + -10. What are the prime factors of l?
17
Let v(f) = 3*f**2 + 3*f + 9. Let b be v(5). Suppose 0 = 3*p - b - 99. What are the prime factors of p?
2, 3, 11
Suppose -8*m + 36 + 108 = 0. Suppose 4*l + 3*s - 258 = 0, -6*s = 4*l - s - 262. Suppose 0 = 3*i - l - m. List the prime factors of i.
3
Let b be ((-1)/2)/(6/(-60)). Let d(u) = -u**2 - 11*u - 10. Let w be d(-9). Suppose 0*j - b*j - 3*o = -101, -4*o + w = 0. What are the prime factors of j?
19
Let a = 139 - 11. Let x = -88 + a. Suppose -d = -2*z + d + x, 0 = -4*z - 4*d + 56. What are the prime factors of z?
17
Let b = 1523 + -1479. List the prime factors of b.
2, 11
Let l(i) = i**3 + 5*i**2 + i - 3. Let o be l(-4). Suppose 0 = -2*t - 1 + o. Suppose -t*j + 214 = -50. What are the prime factors of j?
2, 3, 11
Let s = 1109 + -524. List the prime factors of s.
3, 5, 13
Suppose -2*f + 31 = -3*m - 3*f, 5*m + 65 = f. List the prime factors of 2/((-12)/81)*104/m.
3, 13
Let n be 50/7 + 7/(-49). List the prime factors of 356/n - (-13)/91.
3, 17
Let p(f) = -4*f + 21. Let y be p(7). Let x = 11 + y. Suppose 50 + 90 = x*w. List the prime factors of w.
5, 7
Suppose 6*p + 16 = 2*p. Let a(b) = -16*b - 3. List the prime factors of a(p).
61
Suppose 2*d - 4*m - 1328 = 0, 1992 = 3*d - 7*m + 12*m. List the prime factors of d.
2, 83
Suppose -6*t = -t + 40. List the prime factors of 6 + t + 76 + -1.
73
Let j(o) be the third derivative of 3*o**5/20 + o**4/12 - o**3 + 25*o**2. What are the prime factors of j(-3)?
3, 23
Suppose -5*p = 50*y - 48*y - 4160, -5*p - 5*y + 4145 = 0. What are the prime factors of p?
2, 3, 139
Suppose -f - 7 - 6 = 0. Let x = 24 - f. Let p = x + 20. List the prime factors of p.
3, 19
Suppose -5*d + 6061 = 4*j, 2*d + 4*j = 3*j + 2422. What are the prime factors of d?
3, 13, 31
Let n = 8 + -7. Let i = 3 - 0. What are the prime factors of i*n/4*24?
2, 3
Let j = 37 - 37. Suppose j = -4*p + 5*b + 343, -2*b + 124 = 5*p - 313. Suppose x - 3*f - 24 = -4*f, -f = 4*x - p. List the prime factors of x.
3, 7
Let g = -43 + 64. Let l = 31 - g. List the prime factors of l.
2, 5
Let d = -150 + 211. Let s = d - 4. What are the prime factors of (s - -1)*(-1)/(-2)?
29
Suppose -u - 5*o = 18, 6 = -3*u - 4*o + o. Suppose m - f + 3*f = 133, -u*m + 266 = 2*f. What are the prime factors of m?
7, 19
Let x be 7/2 - 4/(-24)*3. Suppose x*a + 6 = 194. What are the prime factors of a?
47
Suppose -6*j - 2 = -7*j. Let a = 4 + -1. Suppose -t = 8 - a, -j*t = -3*m + 85. List the prime factors of m.
5
Suppose -19*d = -32*d + 11167. List the prime factors of d.
859
Suppose -6*u - 6 = -4*u. Let t be u/4*(-8)/3. Suppose 11 = 3*f - d, 0*d + t*d - 2 = 0. What are the prime factors of f?
2
Suppose 2*j = d + 6, 0 = -2*d - j + 2*j. Suppose d*w = -5*h + 127, -4*w + 70 = -3*w - 4*h. What are the prime factors of w?
2, 3, 11
Let w = 1136 + -652. Suppose w = 4*x - 4*d, 6*x - 242 = 4*x + d. What are the prime factors of x?
11
Let u(r) = 5*r - 70. Let d be u(26). Let o be 2/((-2)/(-4)*2). Suppose x + o*x = d. List the prime factors of x.
2, 5
Suppose v + 4 = 166. What are the prime factors of v?
2, 3
Let b = 28 - 20. What are the prime factors of -2 + 5*b + -2?
2, 3
Let i(g) = -2*g**3 - 9*g**2 - 22*g + 6. List the prime factors of i(-11).
3, 607
Let h(w) = 13*w**2 - 18*w + 77. What are the prime factors of h(8)?
3, 5, 17
Suppose -5*m + 96 = 3*m. Suppose -15*u = -m*u - 465. List the prime factors of u.
5, 31
Let o = 8 - 12. Let k(j) be the second derivative of j**5/20 + 7*j**4/12 + j**3/2 + 11*j**2/2 - 13*j. List the prime factors of k(o).
47
Let d(n) = -4*n - 7. Let t(j) = j**2 - 13*j + 6. Let o be t(12). Let w be d(o). Suppose m - w = -5. What are the prime factors of m?
2, 3
Let k be 46/(-161) + 52/(-14). What are the prime factors of (-38)/k + 1/(-2)?
3
Let l(f) = f**3 + 14*f**2 - 15*f - 18. Let r be l(-15). Suppose -3*z = -4*z + 67. Let t = z + r. What are the prime factors of t?
7
Suppose 2 = 4*m - 4*f - 6, 2*m + 4*f = 4. Let k(w) = 6*w - 5 + 5*w + 5*w**m - 6*w**2. What are the prime factors of k(9)?
13
Let t = 100 + -69. Let h = t - -37. List the prime factors of h.
2, 17
Let w(r) = 8*r + 22. Let s be w(-4). What are the prime factors of 25/s*(-10 - 0)?
5
Let o(g) = -g**2 + 7*g - 4. Let k be o(8). Let c(h) = -2*h**3 - h**2 - 2*h - 1. Let j be c(-1). What are the prime factors of (k/j)/((-11)/33)?
2, 3
What are the prime factors of (-8)/((-40)/525) + (-2 - 2)?
101
Suppose 4*v + 1093 = 3*s, -4*s + 5*v + 1464 = 5. Let g = -251 + s. List the prime factors of g.
2, 3, 5
Suppose -h + 2*l = -6, -2*l - 15 = 2*h + 3*l. Suppose 5*v - 21 - 2 = q, h = -3*q - 5*v + 31. Suppose q*b + 0*b = 72. What are the prime factors of b?
2, 3
What are the prime factors of 18/8*1432/6?
3, 179
Let t(z) = z + 11. Let j be t(-7). Suppose 5*g + 4*i = -19 - 39, 5*g = j*i - 42. List the prime factors of (15/g)/((-3)/4).
2
Let j(w) = -2*w**2 - 11*w + 15. Let p be j(-13). Let q be (6/4 + -2)*p. Suppose -15*f + q = -13*f. What are the prime factors of f?
3, 5
Suppose 4*t = 8*t - 12. Let b(g) = 0 - 2 + 5*g**2 - 3*g**2 - 1. List the prime factors of b(t).
3, 5
Suppose 215 = 7*v - 247. What are the prime factors of -5 + 318/v + (-1984)/(-22)?
2, 3, 5
Let u = -532 + 2016. List the prime factors of u.
2, 7, 53
Suppose -3*j + 5*j + 8 = 0. Let u be 2*6/j - -29. Let w = u - 16. What are the prime factors of w?
2, 5
Let o(t) = t**2 + 19*t - 7. Let y be o(-23). Let v = y + -10. List the prime factors of v.
3, 5
Suppose -4*k = -22 - 6. Suppose 755 = k*a - 197. Suppose -2*y - 16 = 2*y, -4*y = -5*j + a. List the prime factors of j.
2, 3
Let o(c) = 3*c - 19. Let p be o(0). Let a(s) = s**3 + 20*s**2 + 20*s + 22. Let g be a(p). What are the prime factors of g/15 + 95/25?
2
Let x(f) = f**2 - 6*f + 5. Let y be x(7). Let s(z) be the third derivative of z**5/60 - 3*z**4/8 - z**3 - 122*z**2. What are the prime factors of s(y)?
2, 3, 5
Let n = 578 - 150. What are the prime factors of n?
2, 107
What are the prime factors of 395 + (4/1 - 4)?
5, 79
Suppose 10*y - 2410 = 1750. What are the prime factors of y?
2, 13
Suppose 8*n - 215 = 3*n. Suppose 3*b + m = 2*b + n, -4*b + 5*m = -127. Suppose 4*l = -5*w + b, -3 = 4*w - 3*l - 52. List the prime factors of w.
2, 5
Let r(f) = -4*f**3 - 27*f**2 + 15*f - 19. Let c(d) = -d**3 - 7*d**2 + 4*d - 5. Let n(x) = 9*c(x) - 2*r(x). What are the prime factors of n(-10)?
3, 11
Let k = -1981 + 1411. What are the prime factors of 1 - (6/(-4))/((-15)/k)?
2, 29
Let w be (-18 - (0 - -1)) + 7 + -4. What are the prime factors of 4 + -1 - 18/12*w?
3
What are the prime factors of ((-2)/10*-2)/(12/10020)?
2, 167
Let h(q) be the third derivative of q**5/15 - 7*q**4/12 - 4*q**3/3 - 10*q**2. Let l(z) be the first derivative of h(z). List the prime factors of l(8).
2, 5
Let t be 370/60 + 1/(-6). List the prime factors of -213*1/t*(2 + -6).
2, 71
Suppose -i + 34 = i. Suppose 21*q - 200 = i*q. What are the prime factors of q?
2, 5
Let k = 75 + -62. Suppose k = -5*g + 6*g. What are the prime factors of g?
13
Let n(p) = p**2 - 3*p - 5. Let o = -8 - -13. Let z be n(o). Suppose 32 = -3*g + 4*g + 3*d, -2*g + z*d = -9. What are the prime factors of g?
17
What are the prime factors of (-6)/8*376480/(-120)?
13, 181
Let z = -557 + 1107. List the prime factors of z.
2, 5, 11
Suppose -2*w = -y - y - 188, 3*w - y - 278 